 o(g) = 31*g**2 + 16*g - 20. List the prime factors of o(6).
2, 149
Let l be ((-58)/12 - -4)*-6. Suppose -738 + 78 = l*i. List the prime factors of i/(-10)*(2 + 3).
2, 3, 11
Let u = -12 + 16. Let o(n) = n + 2*n**2 + 2*n**2 - 5 - 2*n**2 - 4*n. List the prime factors of o(u).
3, 5
Suppose -21*d = -23*d + 998. List the prime factors of d.
499
Let o = 1 - 3. Let n(w) = -43*w + 2 - w**2 - 38*w - w**3 + 83*w. List the prime factors of n(o).
2
Let c(a) = -a**3 + 4*a**2 - 2*a - 1. Let t be c(3). Suppose t*x + 504 = 4*m, 2*x = -m + 83 + 38. List the prime factors of m.
5
Let c(u) = -u - 21. Let m be c(-12). What are the prime factors of 3/(-2 - (0 - (-21)/m))?
3
Suppose 7*v = 165 + 416. List the prime factors of v.
83
Suppose 5*u + 4*q - 16 = u, -5*u - 3*q = -18. Suppose 3*z = 4*y + 271, u*z + 5*y = -2*z + 475. List the prime factors of z.
3, 31
Let x = 391 + 398. List the prime factors of x.
3, 263
Suppose 106*v = 102*v + 1288. What are the prime factors of v?
2, 7, 23
Suppose 269 = 3*j + 50. Suppose 349 = 5*z - 4*p, -4*p - j = -2*z + z. List the prime factors of z.
3, 23
Let x(d) be the second derivative of -d**5/20 + 11*d**4/12 + d**3 - 7*d**2/2 - 4*d. What are the prime factors of x(11)?
59
Suppose 0 = -6*c + 3*c + 15. Suppose -c*w = 2*u + u - 238, 2*u - 2 = 0. What are the prime factors of w?
47
Suppose 2*d - 892 + 356 = 0. Let q = d + -8. List the prime factors of (0 + 3)*q/30.
2, 13
Let n = -7 + 7. List the prime factors of (-3 - n)/(5/(-65)).
3, 13
Let q(o) = -5*o**3 + 6*o**2 - 7. Let p(g) = 11*g**3 - 12*g**2 - g + 14. Let i(n) = 4*p(n) + 9*q(n). Let h = -736 + 740. List the prime factors of i(h).
3
Let h(w) = -273*w - 876. What are the prime factors of h(-9)?
3, 17, 31
Let t = -73 + 78. Suppose 0 = 2*p, 2*p = t*j - p - 815. What are the prime factors of j?
163
Let b(h) = -2*h - 3. Let s = 1 + -44. Let r be (-20)/50 + s/5. List the prime factors of b(r).
3, 5
Suppose -3*h + 43 = -s - 60, -5*h + 185 = 5*s. What are the prime factors of h?
5, 7
Suppose -5*j + 733 = d, d + 4*j - 2*j = 736. List the prime factors of d.
2, 3, 41
Let b = 721 - 498. Suppose b = 6*p - 3*p - i, 70 = p + 4*i. What are the prime factors of p?
2, 37
Let k = -5751 - -8267. What are the prime factors of k?
2, 17, 37
Let k(l) = -l**3 - 2*l**2 + 7*l + 6. Let y be (-4)/(-18) - (-188)/(-36). What are the prime factors of k(y)?
2, 23
Suppose 184*x - 113472 = 152*x. List the prime factors of x.
2, 3, 197
Suppose 0 = -30*h - 61*h + 178906. What are the prime factors of h?
2, 983
Suppose x + 40 = 2*n, 2 = -5*x + 6*x. Let d = 42 - n. What are the prime factors of d?
3, 7
Let n be 1588/13 - 4/26. Let f(a) = 48 - 122*a - a**2 + n*a. List the prime factors of f(0).
2, 3
Suppose -2*c - n - 25 = 0, 2*c + 4*n + 15 = -1. Let g = c + 16. Suppose a - h + 3*h - 21 = 0, -g*a - h = -36. What are the prime factors of a?
17
Let s(u) be the third derivative of 31*u**4/12 - 7*u**2. List the prime factors of s(1).
2, 31
What are the prime factors of 2/2*419 + -20 + 16?
5, 83
Suppose 266*l = 263*l + 4302. What are the prime factors of l?
2, 3, 239
Let z(b) = b**3 - 9*b**2 - 4. Let j be z(9). Let h be (14/j)/(7/14). List the prime factors of (-42)/12*4/h.
2
Let b(z) = 12*z + 9. Let f be b(-14). Let w = 344 + f. Suppose 4*k - w = -0*k + s, 223 = 5*k - 4*s. List the prime factors of k.
47
Suppose -4*y + 5*y = 172. Suppose 5*z + y = 4*x - 60, -3*x - 3*z = -174. List the prime factors of x.
2, 29
Suppose 2*n = -0*n - 3*w + 49, -20 = -n - 3*w. Let t = n - 24. Let j = t - -26. List the prime factors of j.
31
Suppose -76*c + 89*c = 14235. What are the prime factors of c?
3, 5, 73
Let r be 16 + (-3)/2*2. Suppose 248 = 17*k - r*k. What are the prime factors of k?
2, 31
Let m(k) = 568*k - 159. What are the prime factors of m(7)?
11, 347
What are the prime factors of -18 + 6 - -6 - -4696?
2, 5, 7, 67
Let b(r) = r**3 + r - 7. Let i(y) = 96 - 55 - 48 + y**3. Let q(u) = -2*b(u) + 3*i(u). What are the prime factors of q(3)?
2, 7
Let z = -3 - -4. Let s = z - -4. Suppose s*j = v + 77 + 108, -v = -3*j + 113. List the prime factors of j.
2, 3
Suppose 3*x = -3*k - 3, -4 = 5*k + 3*x + 5. Let m = 6 - k. List the prime factors of m.
3
What are the prime factors of (188/(-10) - -5)*-205?
3, 23, 41
Let l = 19 + -25. Let s be (-2)/(-3) + l/9. Suppose 5*g - 150 = -5*q, 5*q + 3*g - 158 + 16 = s. List the prime factors of q.
2, 13
Let l = -4 + 7. Suppose -l*z - 2*z = -150. What are the prime factors of z?
2, 3, 5
Let i = -166 - -10. List the prime factors of i/(-36) - (-4)/6.
5
Let t(b) = -b**3 - 5*b**2 - 2*b - 7. Let z(n) = -3*n**3 - 15*n**2 - 6*n - 21. Let a(h) = -7*t(h) + 2*z(h). Let x be a(-5). List the prime factors of x*-22*2/12.
11
Let f = 62 + -37. Suppose 9*t - f = 4*t. Suppose 3*g - 20 = -s - 4*s, 0 = -t*g - 3*s + 60. What are the prime factors of g?
3, 5
Let b be ((-3)/2)/(1 - 155/140). Let q = 96 - b. List the prime factors of q.
2, 41
Suppose -4*n + 5*w = -1900, -4*n = n - 2*w - 2392. List the prime factors of n.
2, 3, 5
Let c = -13 + 13. Let j be -2 + (-12)/(c - 4). Suppose -5*x + 10 = 5*o, 3*x + j = 2*o - 23. List the prime factors of o.
2, 3
Let w = -106 - 60. Let i = 255 + w. List the prime factors of i.
89
Let k be -4*(-2)/4 + 52. Let i(v) = 9*v - 285. Let b be i(32). Suppose 3*l - 2*y - 77 = 0, -b*l + y + 19 = -k. List the prime factors of l.
23
Suppose -3*y = -3*s + 39, -44 = -2*y + 5*y - 2*s. Let x = 45 - y. List the prime factors of x.
3, 7
Let a(p) = 2*p**3 - 3*p**2 - 10*p + 4. What are the prime factors of a(7)?
11, 43
What are the prime factors of (-2 + 0)/(5*(-2)/3925)?
5, 157
Suppose -23 = -5*a + 52. Suppose 4*z = -0*z - n + 20, -3*z + 3*n + a = 0. Suppose 15 = 2*u + z. What are the prime factors of u?
5
Let m = -2048 - -4098. What are the prime factors of m?
2, 5, 41
Suppose 21*m + 5 = 22*m. List the prime factors of 4 - (m + -3) - -6*41.
2, 31
Let c(n) be the first derivative of -5 - 3/2*n**2 + 14*n. List the prime factors of c(-14).
2, 7
Let s be 0*1/(-2)*1. Suppose -o - o + 222 = s. What are the prime factors of o?
3, 37
Suppose 3*z - a = 508, -3*z + 2*a + 340 = -z. Suppose 3*f - 4*w = z, 2 = -4*w - 2. What are the prime factors of f?
5, 11
Let a(c) = -8*c + 3. Let x = -10 - -9. What are the prime factors of a(x)?
11
Suppose 0 = 5*m + 3*f - 18842, -f + 4221 = -3*m + 15515. What are the prime factors of m?
2, 7, 269
Suppose 2*x = -0*x - 8, -5*x - 752 = -4*p. Suppose 5*r + p = 973. Suppose -4*u - u + 109 = 4*m, 0 = 5*m - u - r. List the prime factors of m.
31
Let j = -754 + 906. List the prime factors of j.
2, 19
Let b(d) = -2*d**3 + 7*d**2 - d - 10. Let s(o) = o**3 + o - 1. Let g(m) = b(m) + 3*s(m). What are the prime factors of g(-4)?
3
Suppose 0 = 5*z + b - 1547, 3*z - 6*b = -3*b + 939. What are the prime factors of z?
2, 5, 31
Suppose 18*f - 27689 = 4639. List the prime factors of f.
2, 449
Suppose 0*i + 4*f = -3*i + 43, 4*i = 2*f + 28. Let x = i + -6. Suppose -x*g + 42 = -69. List the prime factors of g.
37
Let y = 4 + -1. Suppose 4 = -2*b, 4*o + b + 88 = -y*b. What are the prime factors of o/8*1*-4?
2, 5
Let c = 12907 - 7319. List the prime factors of c.
2, 11, 127
Suppose 1 = -2*r + p, r - 4*p - 23 = 2*r. Let y(v) = -5*v - 1. What are the prime factors of y(r)?
2, 7
Suppose -3*v + 41 = 3*m - 121, 0 = 4*v. Let t(g) = g**3 - 4*g**2 - 2*g - 11. Let z be t(4). Let k = m + z. List the prime factors of k.
5, 7
Suppose -9*n = -510 - 255. Let y = n + -40. What are the prime factors of y?
3, 5
Let h = 31 - 25. What are the prime factors of (-18)/h*56/(-3)?
2, 7
Suppose -607*q + 601*q = -4020. What are the prime factors of q?
2, 5, 67
Suppose k = -5*h + 483, -4*h - 2415 = -0*k - 5*k. Suppose -5*r + 8*r = k. List the prime factors of r.
7, 23
Suppose -3*s + 0*n - n + 4740 = 0, -5*n - 1580 = -s. List the prime factors of s.
2, 5, 79
List the prime factors of 76/(-48)*-105 - 3/12.
2, 83
Suppose -8442 - 6366 = -8*i. What are the prime factors of i?
3, 617
Suppose 4*x - 4*i - 9789 = -x, -5*x - 2*i + 9813 = 0. What are the prime factors of x?
37, 53
Suppose 0 = -u - 5*k + 1 - 9, -2*k = 5*u + 40. Let d(o) be the second derivative of -2*o**3/3 + o**2 - o. List the prime factors of d(u).
2, 17
Let x be 1/3*(-126)/(-14). Suppose 165 = 3*i - 2*q - 2*q, -5*i = -x*q - 275. List the prime factors of i.
5, 11
Let t